the prime factors of f/3 + 184/12.
3, 5
Suppose 23*x - 22*x = 54. Suppose x = 4*l - 22. List the prime factors of l.
19
Let f be 9/2 + ((-12)/(-8))/3. Suppose -w + 661 = f*b, -3*b - 2*w = -2*b - 134. List the prime factors of b.
2, 3, 11
Let z(s) = -4*s**3 + s**2 - 1. Let l be z(-1). Suppose -2*y + 10 = -l. List the prime factors of (-28)/y*130/(-8).
5, 13
Let k = 3062 + -1932. What are the prime factors of k?
2, 5, 113
Suppose o + 3*w = -o + 257, -2*o - w + 247 = 0. Let i = o + -46. What are the prime factors of i?
3, 5
Let y(u) be the first derivative of -31*u**2/2 - 6*u - 9. Let r be y(-2). Suppose 3*c + r = 7*c. List the prime factors of c.
2, 7
Let h(g) = -20*g + 4*g**2 + 18*g + 4*g. Suppose -3*v + 14 = 2*r + 1, -7 = -5*v + 4*r. What are the prime factors of h(v)?
2, 3, 7
Suppose 0 = -w + 4*w - 12. Let f be (-4)/(-16) + 167/w. Let n = f - 11. List the prime factors of n.
31
Let r(c) = c**3 + 30*c**2 - 6*c + 49. List the prime factors of r(-24).
41, 89
Let q(y) = -6 - 10 + 11*y**2 + 14*y + 0*y**3 - y**3. Let r(b) = b**3 - b**2 + 12. Let s be r(0). List the prime factors of q(s).
2
Let n = 10 + -8. Suppose -3*g + 5*u - 78 = 0, -n*g + g = -3*u + 26. Let c = -16 - g. What are the prime factors of c?
2, 5
Let n be (14/(-3))/(6/81). Let a = 4 - n. What are the prime factors of a?
67
Suppose -3*a + 725 = 2*r, 0 = -3*r - a + 3*a + 1107. List the prime factors of r.
367
Let h = 1 + 5. Suppose -4*m + 5*j = -65, -h*m - 3*j + 69 = -3*m. List the prime factors of m.
2, 5
List the prime factors of 10 - 35352/(-132) - 4/(-22).
2, 139
Let s(j) = -j**3 + 6*j**2 - j + 9. Let h be s(6). Suppose 0 = k + z + 3*z - 84, 200 = h*k - z. List the prime factors of k.
2, 17
Let c = -57 - -177. Suppose 3*x + g - 97 = c, -3*g = -12. What are the prime factors of x?
71
Let l = 2645 + -1384. List the prime factors of l.
13, 97
Let w = 29 - 31. What are the prime factors of (-2 - 171/w) + (-1)/(-2)?
2, 3, 7
Suppose 5*m - 1981 = -2*m. Suppose -48 + m = y + 4*s, -2*y - s = -449. What are the prime factors of y?
223
Suppose 3*q - 13 = 5. Suppose -119 = -q*o + 697. List the prime factors of o.
2, 17
Suppose 14*h - 18*h = 0. Suppose -5*d = -0*d + 10, h = -4*z - d - 74. List the prime factors of (-16)/(-3)*z/(-4).
2, 3
Suppose -2*i = -5*u - 991, u = 3*i - 700 - 793. List the prime factors of i.
2, 3, 83
What are the prime factors of -141 - -184 - 2*1?
41
Let r(v) = -47*v + 4. Suppose 3*q - 12 = k, k + 2*q = -k. List the prime factors of r(k).
5, 29
Let d(o) = -3*o - 3. Suppose 22 = -2*k - 3*x, 16 = -3*k - 4*x - 17. Let h be d(k). Suppose -5*u + h = 5*l, -5*l + 1 = 6. What are the prime factors of u?
7
Let p(x) = -x**2 - 31*x - 12. Let d be p(-16). Let v = d - 146. List the prime factors of v.
2, 41
Suppose -5*a = -15 - 0. Let s(r) = 2*r**2 - 24*r + 68. Let l be s(6). What are the prime factors of (a/l)/((-8)/256)?
2, 3
Let l(r) = r**2 - 6*r - 12. Let y be l(8). Suppose -5 = x + 6*j - j, 2*x - 30 = -2*j. Suppose 2*i = y*i - x. What are the prime factors of i?
2, 5
Let k(f) = -f**2 - 18*f - 11. Suppose 38 = -3*a + 2. Let c be k(a). Let h = c + -26. What are the prime factors of h?
5, 7
Suppose 36*v - 38*v = -16. List the prime factors of (-695)/40*-14 + (-2)/v.
3
Suppose 5*y + 5*k = 5350, 19*y + 3238 = 22*y - 4*k. What are the prime factors of y?
2, 3, 179
Let l be (0/2)/(-2 + 0). Suppose -3*a = -2*w + 59, 2*w - a = -l*a + 49. Suppose 0 = d - w + 2. What are the prime factors of d?
2, 5
Let p be 85/20 + (-6)/(-8). Suppose -19 = -3*u - p*m, -m - m - 5 = -3*u. Suppose 7*t - 60 = u*t. What are the prime factors of t?
3, 5
Let v be (-10)/(-30) - 280/(-6). Suppose -a + v = -8. List the prime factors of a.
5, 11
Let g = 1085 - -442. What are the prime factors of g?
3, 509
Let w(f) = f**3 - 30*f**2 - 12*f - 11. List the prime factors of w(33).
2, 5, 11, 13
Let w be 6/(1/2*4). Let o(a) = 6*a + w + 1 + a. List the prime factors of o(5).
3, 13
Suppose 2*j + 60 = a - 5*a, 9 = -a + j. Let k = 18 + a. Suppose k*i - 20 = 0, -6 = -2*f + 3*i + 12. What are the prime factors of f?
3, 5
What are the prime factors of -2 - (-11894)/8 - 19/(-76)?
3, 5, 11
Let a = 21 + -17. Let l(m) = a*m - 29*m**2 - 4*m**3 + 5*m**3 + 24*m**2 - 3. List the prime factors of l(5).
17
Suppose -10*j = 20 - 3880. What are the prime factors of j?
2, 193
Let y(z) = -3*z - 27. Let s(i) = -3*i + 1. Let k be s(6). List the prime factors of y(k).
2, 3
Suppose 4*p - 20 = 0, -5*p = 2*d - 2*p - 561. Let b = -132 + d. What are the prime factors of b?
3, 47
Let s(l) = l**2 + l. Let q(g) = -58*g**2 + 5*g. Let k(x) = -q(x) + 5*s(x). List the prime factors of k(1).
3, 7
Suppose f - 9 = h, 4*f - 8 = h + 43. Let w(l) = 2*l + 4. Let n(a) = -6*a - 12. Let s(z) = -3*n(z) - 8*w(z). What are the prime factors of s(f)?
2
Suppose -2*b + 2 = b + o, b + 18 = -5*o. Suppose 4*n - 2*z + 0*z - 250 = 0, b*n - 122 = -2*z. List the prime factors of n.
2, 31
Let w(m) = m**2 + 8*m + 6. Let z be w(-5). Let t = z - -14. Suppose -16 - 164 = -5*l + 5*h, 0 = 5*l + t*h - 140. List the prime factors of l.
2
Let f be (1 + -2 + 4)/(13/39). Suppose 3*l - f*l = -1188. What are the prime factors of l?
2, 3, 11
Suppose -9*z = -5797 + 2080. List the prime factors of z.
7, 59
Suppose 12 + 12 = -2*b. List the prime factors of ((-44)/(-8))/((-2)/b).
3, 11
Let l = -6 - -10. Suppose 177 = 5*x - a - 44, a - 175 = -l*x. Suppose 3*v - p = 71, -v = v + p - x. List the prime factors of v.
23
Let b(d) be the third derivative of -13*d**4/12 + 35*d**3/6 - 29*d**2. What are the prime factors of b(-5)?
3, 5, 11
Suppose 0 = -v - 2, -5*w - 4 + 14 = 5*v. Suppose -3*u = -2*u + w. What are the prime factors of u + (23 - (3 + 1))?
3, 5
Suppose 7*v = -20 + 6. Let p(w) = -14*w**3 + 3*w**2 + 5*w + 7. List the prime factors of p(v).
11
Suppose 21022 + 2610 = 8*p. List the prime factors of p.
2, 7, 211
Suppose 2*i + 18 = -0*i. Let j(z) = z**3 + 8*z**2 - 10*z - 4. Let l be j(i). Suppose -5*f = -5*u + 105, 3*u + l*f + 29 = 4*u. What are the prime factors of u?
19
Suppose -62*g + 17*g = -35775. List the prime factors of g.
3, 5, 53
Let o(u) = u**3 + 21*u + 8. What are the prime factors of o(12)?
2, 7, 71
Let p(z) = 767*z**3 + 2*z**2 - 5*z + 6. What are the prime factors of p(2)?
2, 5, 307
Let f = 90 - 46. What are the prime factors of 8/f + 1998/22?
7, 13
What are the prime factors of (-60)/(-48) + 9279/4?
11, 211
Suppose -35*d + 31187 + 348 = 0. List the prime factors of d.
17, 53
Suppose 4*u - 122 = -2*y, -u + 2*u - 8 = 4*y. Let f = u - -40. What are the prime factors of f?
2, 17
Let s be 19 + (1 - 4)*-1. Suppose -2*p - 4*h = -s, 0*p = 4*p - 2*h + 6. What are the prime factors of ((-4)/p - -2) + 39?
37
Let s = -41 + 47. Suppose -930 = -s*v - 4*v. List the prime factors of v.
3, 31
Let g = 7 + 441. What are the prime factors of g?
2, 7
Suppose 0 = 7*g - 3232 + 1020. What are the prime factors of g?
2, 79
Let v = 1099 + -568. What are the prime factors of v?
3, 59
Let k(s) = s + 24. Let x be k(-18). Suppose -x*f - 74 = -1052. What are the prime factors of f?
163
What are the prime factors of 96/(-72) + (-3698)/(-6)?
3, 5, 41
Suppose 0 = -62*p + 61*p + 409. List the prime factors of p.
409
Let z(a) = a**3 + 13*a**2 - a - 39. List the prime factors of z(-9).
2, 3, 7
Let x(p) = 170*p + 3. Let q be x(6). List the prime factors of (-2)/8 - q/(-12).
5, 17
Suppose 0 = c - 4, -c = 4*b - 0*c + 444. Let g = 362 + b. What are the prime factors of g?
2, 5
Suppose 2*d + f + 13 + 1 = 0, d = 2*f - 2. Let m = d - -103. What are the prime factors of m?
97
Let s(f) = f**2 + 5*f - 11. Let p(k) = 2*k - 5. Let b be p(10). Suppose 3*t = -3*w - 27, -2*t = -w - 0*w + b. List the prime factors of s(t).
13
Let j be -1*((-1)/5 - (-2)/10). Suppose -3*l - i + 97 = j, 3*l + l - 4*i = 108. List the prime factors of l.
31
What are the prime factors of 645 - ((1 - -2) + 15/(-5))?
3, 5, 43
What are the prime factors of ((-24570)/(-245))/(2/14)?
2, 3, 13
Suppose 2*d - 4*d = 0. Suppose d = -2*f + 4*n + 8, 40 = 2*f + 2*f + 4*n. List the prime factors of f.
2
Let b = 3200 + -2055. List the prime factors of b.
5, 229
Let d = -28 - -36. Suppose 5*h = h - d. What are the prime factors of (-105)/h + (-2)/(-4)?
53
Let s(j) = -4*j**2 + 2*j**3 - 6*j + 5 + 0*j - 12*j. What are the prime factors of s(5)?
5, 13
Suppose -3*u - 4*a + 4391 + 